 divide 374539?
False
Is 1411995 a multiple of 507?
True
Is 996 a factor of 9140997?
False
Does 386 divide 11681206?
False
Does 764 divide 2107112?
True
Is 18708212 a multiple of 8?
False
Does 18 divide 1295910?
True
Does 211 divide 402799?
True
Does 9 divide 322482?
False
Does 316 divide 367253?
False
Does 610 divide 21173240?
False
Is 751 a factor of 442339?
True
Is 10 a factor of 7788975?
False
Does 46 divide 359515?
False
Is 2459044 a multiple of 31?
True
Does 339 divide 2628267?
True
Is 104 a factor of 658320?
True
Is 46 a factor of 447810?
True
Does 26 divide 304486?
True
Is 211567 a multiple of 224?
False
Is 7159893 a multiple of 28?
False
Is 10912970 a multiple of 1525?
False
Does 1209 divide 4660695?
True
Is 1497999 a multiple of 347?
True
Is 29 a factor of 165941?
False
Does 54 divide 1101924?
True
Is 96332 a multiple of 241?
False
Is 364 a factor of 366180?
False
Is 82231 a multiple of 23?
False
Does 41 divide 78596?
False
Does 985 divide 973180?
True
Is 199954 a multiple of 34?
True
Does 57 divide 1308511?
False
Is 58 a factor of 12246932?
True
Is 1456503 a multiple of 22?
False
Is 5605210 a multiple of 10?
True
Is 9 a factor of 436517?
False
Is 2 a factor of 7084?
True
Is 1615988 a multiple of 19?
True
Does 31 divide 39?
False
Is 932070 a multiple of 3?
True
Is 176929 a multiple of 7?
False
Is 3999341 a multiple of 34?
False
Is 383379 a multiple of 141?
True
Does 19 divide 3086425?
False
Does 6 divide 190354?
False
Does 12 divide 2279376?
True
Is 648939 a multiple of 94?
False
Does 7 divide 2340327?
False
Does 1610 divide 3706220?
True
Is 1035783 a multiple of 21?
True
Is 64337 a multiple of 10?
False
Is 482706 a multiple of 378?
True
Is 5 a factor of 8119?
False
Is 186 a factor of 493432?
False
Does 121 divide 89657?
False
Is 7878838 a multiple of 11?
True
Is 205604 a multiple of 4?
True
Is 10009461 a multiple of 33?
True
Does 178 divide 553580?
True
Is 582 a factor of 14751769?
False
Is 10797556 a multiple of 11?
True
Is 4968240 a multiple of 326?
True
Is 5 a factor of 68521?
False
Does 235 divide 40053?
False
Is 597 a factor of 893146?
False
Does 11 divide 27797?
True
Does 332 divide 7036408?
True
Is 761147 a multiple of 109?
True
Does 171 divide 147060?
True
Does 13 divide 2372721?
True
Does 15 divide 3539305?
False
Is 34 a factor of 1257116?
True
Is 8298074 a multiple of 298?
False
Is 196998 a multiple of 15?
False
Is 331300 a multiple of 177?
False
Does 15 divide 18910259?
False
Does 7 divide 156731?
False
Does 8 divide 871824?
True
Does 393 divide 50304?
True
Is 719 a factor of 2136418?
False
Is 1053452 a multiple of 122?
False
Is 445 a factor of 6059189?
False
Does 10 divide 2747616?
False
Does 29 divide 32306?
True
Is 158919 a multiple of 5?
False
Does 101 divide 106547?
False
Is 22 a factor of 3860208?
True
Does 19 divide 324786?
True
Does 59 divide 1096692?
True
Is 293 a factor of 54498?
True
Is 275660 a multiple of 35?
True
Is 18 a factor of 21302?
False
Does 38 divide 151767?
False
Is 60947 a multiple of 100?
False
Is 3 a factor of 731829?
True
Is 321160 a multiple of 620?
True
Does 8 divide 155384?
True
Is 367763 a multiple of 22?
False
Is 154 a factor of 543225?
False
Is 67 a factor of 9612?
False
Does 182 divide 83174?
True
Does 46 divide 550160?
True
Is 8369856 a multiple of 132?
True
Does 379 divide 766326?
False
Is 424 a multiple of 53?
True
Is 1179 a factor of 5731119?
True
Does 8 divide 195822?
False
Is 15330178 a multiple of 707?
False
Is 122 a factor of 74908?
True
Does 229 divide 68904?
False
Is 1037052 a multiple of 281?
False
Is 72 a factor of 2813380?
False
Does 417 divide 4754217?
True
Does 3 divide 13011?
True
Is 13 a factor of 786240?
True
Is 391 a factor of 796467?
True
Is 262254 a multiple of 109?
True
Is 2423549 a multiple of 1117?
False
Does 153 divide 1384299?
False
Is 188 a factor of 60536?
True
Is 17 a factor of 368281?
False
Does 89 divide 2211650?
True
Is 5 a factor of 810?
True
Does 18 divide 711492?
False
Is 42 a factor of 5049004?
False
Is 518760 a multiple of 393?
True
Is 1300292 a multiple of 28?
True
Does 165 divide 1291354?
False
Is 8589400 a multiple of 36?
False
Is 4 a factor of 910798?
False
Is 8 a factor of 40544?
True
Is 43709 a multiple of 9?
False
Is 109 a factor of 830035?
True
Is 22 a factor of 234260?
False
Is 9376 a multiple of 8?
True
Is 1026974 a multiple of 17?
False
Is 311 a factor of 1167114?
False
Is 306424 a multiple of 8?
True
Does 20 divide 144033?
False
Is 99380 a multiple of 4?
True
Is 179 a factor of 602546?
False
Is 344155 a multiple of 84?
False
Is 236238 a multiple of 48?
False
Is 1166944 a multiple of 16?
True
Does 132 divide 20095861?
False
Does 78 divide 89912?
False
Is 356 a factor of 70132?
True
Is 40613 a multiple of 17?
True
Is 2316810 a multiple of 145?
True
Does 19 divide 4529635?
False
Is 63 a factor of 1433502?
True
Is 21 a factor of 2476514?
False
Is 54 a factor of 193968?
True
Does 6 divide 81212?
False
Is 129 a factor of 481428?
True
Is 4 a factor of 83435?
False
Does 395 divide 14498064?
False
Does 16 divide 664272?
True
Does 125 divide 9440938?
False
Does 1196 divide 11648538?
False
Is 41557 a multiple of 24?
False
Is 1479 a factor of 7094763?
True
Is 11837212 a multiple of 198?
False
Is 137 a factor of 68089?
True
Is 348335 a multiple of 31?
False
Does 89 divide 3696882?
True
Is 62 a factor of 70432?
True
Is 8941547 a multiple of 653?
False
Does 723 divide 582332?
False
Does 7 divide 519776?
False
Is 194 a factor of 2145176?
False
Is 4 a factor of 17718?
False
Does 711 divide 1048367?
False
Does 21 divide 171654?
True
Is 204596 a multiple of 34?
False
Is 300748 a multiple of 10?
False
Is 100380 a multiple of 21?
True
Is 1220842 a multiple of 237?
False
Is 20276800 a multiple of 19?
True
Is 1055515 a multiple of 5?
True
Is 76700 a multiple of 8?
False
Is 5 a factor of 71030?
True
Is 21227526 a multiple of 18?
True
Does 24 divide 515448?
True
Does 102 divide 41987?
False
Is 9152 a multiple of 13?
True
Is 17 a factor of 134510?
False
Is 17 a factor of 26867?
False
Is 16 a factor of 138688?
True
Is 94 a factor of 2833630?
True
Does 157 divide 12971347?
False
Is 33168 a multiple of 57?
False
Does 44 divide 126671?
False
Does 194 divide 836812?
False
Does 55 divide 9356817?
False
Does 24 divide 1536033?
False
Is 2 a factor of 165666?
True
Is 13298 even?
True
Is 973 a factor of 4896171?
False
Does 560 divide 310240?
True
Is 17 a factor of 27739?
False
Is 37315257 a multiple of 15?
False
Is 14 a factor of 24344?
False
Is 4 a factor of 144412?
True
Does 21 divide 101703?
True
Does 21 divide 60879?
True
Is 283024 a multiple of 16?
True
Is 52051 a multiple of 3?
False
Does 31 divide 3587723?
True
Is 135 a factor of 37395?
True
Is 477 a factor of 1396940?
False
Does 250 divide 4732500?
True
Does 6 divide 42810?
True
Is 75 a factor of 107400?
True
Does 82 divide 205492?
True
Is 101137 a multiple of 14?
False
Is 10 a factor of 2578160?
True
Is 1508545 a multiple of 245?
False
Is 54 a factor of 13261428?
True
Is 837 a factor of 1715013?
True
Does 34 divide 1548496?
True
Is 907296 a multiple of 52?
True
Does 251 divide 2096880?
False
Does 7 divide 56497?
True
Does 243 divide 1260563?
False
Is 4899510 a multiple of 165?
True
Is 401327 a multiple of 223?
False
Does 193 divide 32566?
False
Is 1555190 a multiple of 20?
False
Is 332640 a multiple of 22?
True
Is 64 a factor of 420171?
False
Is 2 a factor of 164261?
False
Is 11 a factor of 67155?
True
Does 10 divide 93310?
True
Is 3 a factor of 927636?
True
Is 58 a factor of 42955?
False
Is 50 a factor of 1140500?
True
Is 63911 a multiple of 79?
True
Does 26 divide 180544?
True
Does 285 divide 2552418?
False
Is 409526 a multiple of 46?
False
Is 530 a factor of 735110?
True
Is 304 a factor of 174496?
True
Is 145008 a multiple of 144?
True
Is 30 a factor of 5001270?
True
Is 808 a factor of 3206419?
False
Is 1749033 a multiple of 117?
True
Is 46053 a multiple of 119?
True
Does 2 divide 56?
True
Is 6 a factor of 117036?
True
Is 313908 a multiple of 111?
True
Is 18109471 a multiple of 40?
False
Does 1620 divide 18052461?
False
Is 21 a factor of 1951288?
False
Is 588863 a multiple of 59?
False
Is 7226854 a multiple of 78?
False
Is 2048030 a multiple of 111?
False
Does 70 divide 2893030?
True
Does 21 divide 558201?
Tr